by 83?
79
What is the remainder when 68 is divided by 7?
5
What is the remainder when 4310 is divided by 19?
16
Calculate the remainder when 765 is divided by 7.
2
Calculate the remainder when 9070 is divided by 275.
270
Calculate the remainder when 678 is divided by 57.
51
Calculate the remainder when 12489 is divided by 9.
6
What is the remainder when 292 is divided by 5?
2
Calculate the remainder when 1522 is divided by 153.
145
What is the remainder when 116 is divided by 39?
38
Calculate the remainder when 197 is divided by 83.
31
Calculate the remainder when 4092 is divided by 1019.
16
Calculate the remainder when 2346 is divided by 29.
26
What is the remainder when 305 is divided by 11?
8
What is the remainder when 308 is divided by 58?
18
Calculate the remainder when 678 is divided by 8.
6
Calculate the remainder when 626 is divided by 6.
2
What is the remainder when 89 is divided by 59?
30
Calculate the remainder when 1492 is divided by 17.
13
What is the remainder when 1614 is divided by 95?
94
Calculate the remainder when 49 is divided by 41.
8
Calculate the remainder when 101 is divided by 14.
3
What is the remainder when 41363 is divided by 74?
71
Calculate the remainder when 703 is divided by 229.
16
Calculate the remainder when 187 is divided by 7.
5
What is the remainder when 158 is divided by 57?
44
What is the remainder when 719 is divided by 6?
5
What is the remainder when 190 is divided by 18?
10
Calculate the remainder when 359 is divided by 28.
23
Calculate the remainder when 12941 is divided by 16.
13
Calculate the remainder when 68 is divided by 24.
20
What is the remainder when 885 is divided by 134?
81
Calculate the remainder when 154 is divided by 35.
14
What is the remainder when 632 is divided by 171?
119
Calculate the remainder when 798 is divided by 8.
6
What is the remainder when 2608 is divided by 6?
4
What is the remainder when 431 is divided by 17?
6
What is the remainder when 496 is divided by 82?
4
Calculate the remainder when 876 is divided by 49.
43
Calculate the remainder when 192 is divided by 191.
1
What is the remainder when 84 is divided by 56?
28
What is the remainder when 100 is divided by 18?
10
What is the remainder when 3244 is divided by 58?
54
Calculate the remainder when 958 is divided by 80.
78
Calculate the remainder when 600 is divided by 39.
15
What is the remainder when 350 is divided by 329?
21
Calculate the remainder when 1255 is divided by 361.
172
Calculate the remainder when 92 is divided by 13.
1
What is the remainder when 2591 is divided by 12?
11
Calculate the remainder when 1399 is divided by 38.
31
What is the remainder when 1289 is divided by 68?
65
Calculate the remainder when 274 is divided by 116.
42
Calculate the remainder when 876 is divided by 20.
16
Calculate the remainder when 206 is divided by 42.
38
Calculate the remainder when 24 is divided by 20.
4
What is the remainder when 1923 is divided by 382?
13
What is the remainder when 351 is divided by 74?
55
Calculate the remainder when 2929 is divided by 14.
3
What is the remainder when 139 is divided by 21?
13
Calculate the remainder when 420 is divided by 224.
196
Calculate the remainder when 228 is divided by 10.
8
Calculate the remainder when 596 is divided by 30.
26
What is the remainder when 482 is divided by 79?
8
Calculate the remainder when 277 is divided by 31.
29
Calculate the remainder when 96 is divided by 5.
1
What is the remainder when 51 is divided by 10?
1
What is the remainder when 92 is divided by 31?
30
What is the remainder when 1622 is divided by 4?
2
Calculate the remainder when 694 is divided by 684.
10
What is the remainder when 360 is divided by 19?
18
Calculate the remainder when 160 is divided by 22.
6
What is the remainder when 1110 is divided by 468?
174
Calculate the remainder when 83 is divided by 28.
27
Calculate the remainder when 725 is divided by 26.
23
Calculate the remainder when 53 is divided by 21.
11
Calculate the remainder when 63 is divided by 22.
19
What is the remainder when 30533 is divided by 4?
1
Calculate the remainder when 1124 is divided by 16.
4
Calculate the remainder when 194 is divided by 46.
10
Calculate the remainder when 114 is divided by 93.
21
Calculate the remainder when 654 is divided by 41.
39
Calculate the remainder when 975 is divided by 472.
31
Calculate the remainder when 227 is divided by 52.
19
Calculate the remainder when 296 is divided by 6.
2
What is the remainder when 85 is divided by 16?
5
What is the remainder when 158 is divided by 25?
8
What is the remainder when 3898 is divided by 26?
24
What is the remainder when 606 is divided by 16?
14
What is the remainder when 48 is divided by 18?
12
What is the remainder when 2182 is divided by 36?
22
Calculate the remainder when 26 is divided by 24.
2
Calculate the remainder when 155 is divided by 42.
29
Calculate the remainder when 1308 is divided by 50.
8
What is the remainder when 494 is divided by 31?
29
What is the remainder when 138 is divided by 20?
18
What is the remainder when 322 is divided by 13?
10
Calculate the remainder when 18 is divided by 7.
4
What is the remainder when 84 is divided by 83?
1
What is the remainder when 282 is divided by 24?
18
Calculate the remainder when 88 is divided by 51.
37
What is the remainder when 14637 is divided by 240?
237
Calculate the remainder when 83 is divided by 17.
15
What is the remainder when 749 is divided by 94?
91
What is the remainder when 442 is divided by 12?
10
What is the remainder when 5217 is divided by 20?
17
What is the remainder when 1364 is divided by 152?
148
What is the remainder when 592 is divided by 66?
64
Calculate the remainder when 575 is divided by 64.
63
What is the remainder when 195 is divided by 70?
55
Calculate the remainder when 3180 is divided by 59.
53
Calculate the remainder when 113 is divided by 15.
8
Calculate the remainder when 6662 is divided by 17.
15
What is the remainder when 159 is divided by 76?
7
What is the remainder when 26 is divided by 7?
5
Calculate the remainder when 4699 is divided by 16.
11
Calculate the remainder when 99 is divided by 31.
6
What is the remainder when 190 is divided by 45?
10
Calculate the remainder when 337 is divided by 6.
1
Calculate the remainder when 97 is divided by 50.
47
What is the remainder when 8879 is divided by 48?
47
What is the remainder when 144 is divided by 23?
6
What is the remainder when 483 is divided by 47?
13
What is the remainder when 4372 is divided by 175?
172
What is the remainder when 113 is divided by 106?
7
Calculate the remainder when 109 is divided by 29.
22
Calculate the remainder when 1837 is divided by 80.
77
Calculate the remainder when 139 is divided by 37.
28
Calculate the remainder when 42 is divided by 9.
6
What is the remainder when 8498 is divided by 13?
9
What is the remainder when 466 is divided by 39?
37
What is the remainder when 98 is divided by 35?
28
Calculate the remainder when 65 is divided by 33.
32
What is the remainder when 659 is divided by 222?
215
Calculate the remainder when 24 is divided by 4.
0
What is the remainder when 1296 is divided by 377?
165
What is the remainder when 122 is divided by 55?
12
What is the remainder when 1660 is divided by 549?
13
What is the remainder when 303 is divided by 4?
3
Calculate the remainder when 188 is divided by 64.
60
Calculate the remainder when 216 is divided by 54.
0
What is the remainder when 552 is divided by 16?
8
What is the remainder when 292 is divided by 11?
6
What is the remainder when 69 is divided by 12?
9
What is the remainder when 519 is divided by 257?
5
What is the remainder when 571 is divided by 108?
31
Calculate the remainder when 279 is divided by 123.
33
Calculate the remainder when 23 is divided by 8.
7
Calculate the remainder when 61 is divided by 26.
9
What is the remainder when 115 is divided by 12?
7
Calculate the remainder when 29 is divided by 10.
9
Calculate the remainder when 920 is divided by 11.
7
Calculate the remainder when 226 is divided by 43.
11
Calculate the remainder when 4121 is divided by 43.
36
What is the remainder when 416 is divided by 138?
2
Calculate the remainder when 630 is divided by 31.
10
What is the remainder when 344 is divided b